{"id":818,"date":"2016-07-19T16:34:03","date_gmt":"2016-07-19T16:34:03","guid":{"rendered":"http:\/\/www.gulis.at\/musik\/?page_id=818"},"modified":"2020-04-01T11:09:52","modified_gmt":"2020-04-01T09:09:52","slug":"venice","status":"publish","type":"page","link":"https:\/\/www.gulis.at\/musik\/?page_id=818","title":{"rendered":"Venice"},"content":{"rendered":"<pre>who am I and if so why?\nwho am I and if so why?\n\ncan I get out of my prison\nyour insistence of happiness\n\nin a hazy and dull November sun\na little coffin is carried along\n\nwho am I and if so why?\nwho am I and if so why?\n\nwe \u00b4re sitting in a cafe near the waterside\nthousand of tourists pass as by\nfor you the party here is over\nthe sun warms the lid of your coffin\n\nhmhm\nhmhm\n\nthe morning that Berlusconi resigned\nthe day rating Agency downgraded\ndemocracy\nthe evening we lost our paradiso perdutto\nparadiso perdutto\n\nwho am I and if so why?\nwho am I and if so why?\n\na few old friends accompany your body\non its final journey\na huge cruiser meandering through the\nnarrow harbour mouth and heads south\n\nwho am I and if so why?<\/pre>\n<p><strong>\u00a0<\/strong><strong>Making of:<\/strong><\/p>\n<p>Wir sa\u00dfen an einem warmen November Tag in Venedig, eine milchig-wei\u00dfe Sonne schien auf uns herunter; schauten den Leuten beim Leben zu. Ein Schiff legte an der Haltestelle an. Ein kleiner Sarg wurde entladen. Eine kurze Prozession von alten M\u00e4nnern folgte dem Sarg. Zuerst dachte ich, es w\u00e4re ein Kind, doch es war der Sarg eines alten Mannes, den nur mehr wenig seiner Freunde \u00fcberlebt hatten.<\/p>\n<p>Meine Gedanken begannen zu fliegen und ich erinnerte mich an das Lokal. Wir sind zuf\u00e4llig hineingestolpert, weil wir uns dringend aufw\u00e4rmen mussten; auch ein Samstagvormitag &#8211; nur nass und kalt.<\/p>\n<p>Die Atmosp\u00e4hre, das Ambiente, das Leben in dem Lokal warf uns schlichtweg um. Abends kamen wir wieder, um zu essen. Es war legend\u00e4r.<\/p>\n<p>Jahre sp\u00e4ter wollten wir den Zauber wiederholen und mussten entdecken, dass der Erfolg und der Tourismus das Paradies entzaubert hatten.<\/p>\n<figure id=\"attachment_1400\" aria-describedby=\"caption-attachment-1400\" style=\"width: 219px\" class=\"wp-caption alignleft\"><a href=\"https:\/\/www.gulis.at\/musik\/?attachment_id=1400\" rel=\"attachment wp-att-866\"><img decoding=\"async\" class=\"wp-image-1400\" src=\"https:\/\/www.gulis.at\/musik\/wp-content\/uploads\/2020\/04\/venice-1-300x225.jpg\" alt=\"\" width=\"219\" height=\"164\" srcset=\"https:\/\/www.gulis.at\/musik\/wp-content\/uploads\/2020\/04\/venice-1-300x225.jpg 300w, https:\/\/www.gulis.at\/musik\/wp-content\/uploads\/2020\/04\/venice-1-1024x768.jpg 1024w, https:\/\/www.gulis.at\/musik\/wp-content\/uploads\/2020\/04\/venice-1-768x576.jpg 768w, https:\/\/www.gulis.at\/musik\/wp-content\/uploads\/2020\/04\/venice-1-1536x1152.jpg 1536w, https:\/\/www.gulis.at\/musik\/wp-content\/uploads\/2020\/04\/venice-1-2048x1536.jpg 2048w\" sizes=\"(max-width: 219px) 100vw, 219px\" \/><\/a><figcaption id=\"caption-attachment-1400\" class=\"wp-caption-text\">J\u00f6rg Pagger<\/figcaption><\/figure>\n","protected":false},"excerpt":{"rendered":"<p>who am I and if so why? who am I and if so why? can I get out of my prison your insistence of happiness in a hazy and dull November sun a little coffin is carried along who am I and if so why? who am I and if so why? we \u00b4re sitting in a cafe near the waterside thousand of tourists pass as by for you the party here is over the sun warms the lid of your coffin hmhm hmhm the morning that Berlusconi resigned the day rating Agency downgraded democracy the evening we lost our paradiso perdutto paradiso perdutto who am I and if so why? who am I and if so why? a few old friends accompany your body on its final journey a huge cruiser meandering through the narrow harbour mouth and heads south who am I and if so why? \u00a0Making of: Wir sa\u00dfen an einem warmen November Tag in Venedig, eine milchig-wei\u00dfe Sonne schien auf uns herunter; schauten den Leuten beim Leben zu. Ein Schiff legte an der Haltestelle an. Ein kleiner Sarg wurde entladen. Eine kurze Prozession von alten M\u00e4nnern folgte dem Sarg. Zuerst dachte ich, es w\u00e4re ein Kind, doch es war der Sarg eines alten Mannes, den nur mehr wenig seiner Freunde \u00fcberlebt hatten. Meine Gedanken begannen zu fliegen und ich erinnerte mich an das Lokal. Wir sind zuf\u00e4llig hineingestolpert, weil wir uns dringend aufw\u00e4rmen mussten; auch ein Samstagvormitag &#8211; nur nass und kalt. Die Atmosp\u00e4hre, das Ambiente, das Leben in dem Lokal warf uns schlichtweg um. Abends kamen wir wieder, um zu essen. Es war legend\u00e4r. Jahre sp\u00e4ter wollten wir den Zauber wiederholen und mussten entdecken, dass der Erfolg und der Tourismus das Paradies entzaubert hatten.<\/p>\n","protected":false},"author":2,"featured_media":0,"parent":38,"menu_order":0,"comment_status":"closed","ping_status":"closed","template":"","meta":{"footnotes":""},"class_list":["post-818","page","type-page","status-publish","hentry"],"_links":{"self":[{"href":"https:\/\/www.gulis.at\/musik\/index.php?rest_route=\/wp\/v2\/pages\/818","targetHints":{"allow":["GET"]}}],"collection":[{"href":"https:\/\/www.gulis.at\/musik\/index.php?rest_route=\/wp\/v2\/pages"}],"about":[{"href":"https:\/\/www.gulis.at\/musik\/index.php?rest_route=\/wp\/v2\/types\/page"}],"author":[{"embeddable":true,"href":"https:\/\/www.gulis.at\/musik\/index.php?rest_route=\/wp\/v2\/users\/2"}],"replies":[{"embeddable":true,"href":"https:\/\/www.gulis.at\/musik\/index.php?rest_route=%2Fwp%2Fv2%2Fcomments&post=818"}],"version-history":[{"count":5,"href":"https:\/\/www.gulis.at\/musik\/index.php?rest_route=\/wp\/v2\/pages\/818\/revisions"}],"predecessor-version":[{"id":1401,"href":"https:\/\/www.gulis.at\/musik\/index.php?rest_route=\/wp\/v2\/pages\/818\/revisions\/1401"}],"up":[{"embeddable":true,"href":"https:\/\/www.gulis.at\/musik\/index.php?rest_route=\/wp\/v2\/pages\/38"}],"wp:attachment":[{"href":"https:\/\/www.gulis.at\/musik\/index.php?rest_route=%2Fwp%2Fv2%2Fmedia&parent=818"}],"curies":[{"name":"wp","href":"https:\/\/api.w.org\/{rel}","templated":true}]}}