{"id":790,"date":"2016-07-19T15:59:51","date_gmt":"2016-07-19T15:59:51","guid":{"rendered":"http:\/\/www.gulis.at\/musik\/?page_id=790"},"modified":"2020-04-01T10:46:36","modified_gmt":"2020-04-01T08:46:36","slug":"auf-dem-weg","status":"publish","type":"page","link":"https:\/\/www.gulis.at\/musik\/?page_id=790","title":{"rendered":"Auf dem Weg"},"content":{"rendered":"<pre>Meterhoch die Wellen vor mir,\nverstellen mir die Sicht auf den Horizont.\nIch suche nach deiner Hand,\ndoch \u00a0das \u00a0Universum ist gro\u00df und breit.\n\n\nUnter mir unsicheres Terrain,\nGer\u00f6ll gegen meine Standfestigkeit.\nIch bekomm die Kraft zu sp\u00fcren und bin schnell am Weg nach draussen.<\/pre>\n<p><strong><a href=\"https:\/\/www.gulis.at\/musik\/?attachment_id=1339\" rel=\"attachment wp-att-876\"><img decoding=\"async\" class=\"alignleft wp-image-1339 \" src=\"https:\/\/www.gulis.at\/musik\/wp-content\/uploads\/2020\/03\/gulis-3-cover-entw1-mk-300x300.jpg\" alt=\"\" width=\"210\" height=\"210\" srcset=\"https:\/\/www.gulis.at\/musik\/wp-content\/uploads\/2020\/03\/gulis-3-cover-entw1-mk-300x300.jpg 300w, https:\/\/www.gulis.at\/musik\/wp-content\/uploads\/2020\/03\/gulis-3-cover-entw1-mk-1024x1024.jpg 1024w, https:\/\/www.gulis.at\/musik\/wp-content\/uploads\/2020\/03\/gulis-3-cover-entw1-mk-150x150.jpg 150w, https:\/\/www.gulis.at\/musik\/wp-content\/uploads\/2020\/03\/gulis-3-cover-entw1-mk-768x768.jpg 768w, https:\/\/www.gulis.at\/musik\/wp-content\/uploads\/2020\/03\/gulis-3-cover-entw1-mk.jpg 1417w\" sizes=\"(max-width: 210px) 100vw, 210px\" \/><\/a>\u00a0<\/strong><\/p>\n<pre>\n\n\n\nWas ist, wenn ich verloren geh\u00b4?\nKein Mensch, der mich hier kennt und<strong>\u00a0\u00a0 <\/strong>\nidentifiziert.<\/pre>\n<pre>Der Wind zerzaust das Blau,\nsteh\u00b4 am Anfang, seh keine Lichter mehr.\nMeine DNA wird assimiliert\nin der stockdunklen Nacht.\n\n<strong>\u00a0<\/strong>\n\nMein Leben wird jetzt umgebaut,\nim grauen Morgenschein.\nBin auf dem Weg zum neuen Strand.\nZum neuen Strand.<\/pre>\n<pre>\nWas ist, wenn ich verloren geh\u00b4?\nKein Mensch, der mich hier kennt und identifiziert.\n\nWas ist, wenn ich verloren geh\u00b4\nBringt mich wer zur\u00fcck\u00a0 zu dir?\n\nWas ist, wenn ich verloren geh\u00b4\nBringt mich wer zur\u00fcck\u00a0 zu mir?<\/pre>\n<p><strong>Makin of:<\/strong><\/p>\n<p>Das Leben ist voller Entscheidungen. Einige davon sind unumkehrbar und gewichtig.<\/p>\n<p>Die Entscheidung ist das eine, die Umsetzung, die bei gr\u00f6\u00dferen Vorhaben l\u00e4nger dauern kann, das andere. Und dann gibt es Momente in diesem Prozess und denkt sich: Hab ich mich doch falsch entschieden? H\u00e4tte\u00a0 ich das Sichere, das Einge\u00fcbte, das Gewohnte nicht verlassen sollen?<\/p>\n<p>Dann suche ich Halt und Best\u00e4tigung f\u00fcr meinen Weg \u2026 und w\u00e4hrend dessen ist man bereits weiter auf dem Weg&#8230;<\/p>\n<figure id=\"attachment_1387\" aria-describedby=\"caption-attachment-1387\" style=\"width: 235px\" class=\"wp-caption alignleft\"><a href=\"https:\/\/www.gulis.at\/musik\/?attachment_id=1387\" rel=\"attachment wp-att-1387\"><img decoding=\"async\" class=\" wp-image-1387\" src=\"https:\/\/www.gulis.at\/musik\/wp-content\/uploads\/2020\/04\/auf-dem-Weg-original-300x144.jpg\" alt=\"\" width=\"235\" height=\"113\" srcset=\"https:\/\/www.gulis.at\/musik\/wp-content\/uploads\/2020\/04\/auf-dem-Weg-original-300x144.jpg 300w, https:\/\/www.gulis.at\/musik\/wp-content\/uploads\/2020\/04\/auf-dem-Weg-original-1024x491.jpg 1024w, https:\/\/www.gulis.at\/musik\/wp-content\/uploads\/2020\/04\/auf-dem-Weg-original-768x368.jpg 768w, https:\/\/www.gulis.at\/musik\/wp-content\/uploads\/2020\/04\/auf-dem-Weg-original-1536x737.jpg 1536w, https:\/\/www.gulis.at\/musik\/wp-content\/uploads\/2020\/04\/auf-dem-Weg-original.jpg 1718w\" sizes=\"(max-width: 235px) 100vw, 235px\" \/><\/a><figcaption id=\"caption-attachment-1387\" class=\"wp-caption-text\">J\u00f6rg Pagger<\/figcaption><\/figure>\n<p>Im Gehen steigt die Frage hoch \u2013 was ist, wenn\u2026? \u2013 und mit ihr die Gewi\u00dfheit hoch, dass es die richtige Entscheidung war. Ich war bei der Frage schon l\u00e4ngst auf dem Weg.<\/p>\n","protected":false},"excerpt":{"rendered":"<p>Meterhoch die Wellen vor mir, verstellen mir die Sicht auf den Horizont. Ich suche nach deiner Hand, doch \u00a0das \u00a0Universum ist gro\u00df und breit. Unter mir unsicheres Terrain, Ger\u00f6ll gegen meine Standfestigkeit. Ich bekomm die Kraft zu sp\u00fcren und bin schnell am Weg nach draussen. \u00a0 Was ist, wenn ich verloren geh\u00b4? Kein Mensch, der mich hier kennt und\u00a0\u00a0 identifiziert. Der Wind zerzaust das Blau, steh\u00b4 am Anfang, seh keine Lichter mehr. Meine DNA wird assimiliert in der stockdunklen Nacht. \u00a0 Mein Leben wird jetzt umgebaut, im grauen Morgenschein. Bin auf dem Weg zum neuen Strand. Zum neuen Strand. Was ist, wenn ich verloren geh\u00b4? Kein Mensch, der mich hier kennt und identifiziert. Was ist, wenn ich verloren geh\u00b4 Bringt mich wer zur\u00fcck\u00a0 zu dir? Was ist, wenn ich verloren geh\u00b4 Bringt mich wer zur\u00fcck\u00a0 zu mir? Makin of: Das Leben ist voller Entscheidungen. Einige davon sind unumkehrbar und gewichtig. Die Entscheidung ist das eine, die Umsetzung, die bei gr\u00f6\u00dferen Vorhaben l\u00e4nger dauern kann, das andere. Und dann gibt es Momente in diesem Prozess und denkt sich: Hab ich mich doch falsch entschieden? H\u00e4tte\u00a0 ich das Sichere, das Einge\u00fcbte, das Gewohnte nicht verlassen sollen? Dann suche ich Halt und Best\u00e4tigung f\u00fcr meinen Weg \u2026 und w\u00e4hrend dessen ist man bereits weiter auf dem Weg&#8230; Im Gehen steigt die Frage hoch \u2013 was ist, wenn\u2026? \u2013 und mit ihr die Gewi\u00dfheit hoch, dass es die richtige Entscheidung war. Ich war bei der Frage schon l\u00e4ngst auf dem Weg.<\/p>\n","protected":false},"author":2,"featured_media":0,"parent":38,"menu_order":0,"comment_status":"closed","ping_status":"closed","template":"","meta":{"footnotes":""},"class_list":["post-790","page","type-page","status-publish","hentry"],"_links":{"self":[{"href":"https:\/\/www.gulis.at\/musik\/index.php?rest_route=\/wp\/v2\/pages\/790","targetHints":{"allow":["GET"]}}],"collection":[{"href":"https:\/\/www.gulis.at\/musik\/index.php?rest_route=\/wp\/v2\/pages"}],"about":[{"href":"https:\/\/www.gulis.at\/musik\/index.php?rest_route=\/wp\/v2\/types\/page"}],"author":[{"embeddable":true,"href":"https:\/\/www.gulis.at\/musik\/index.php?rest_route=\/wp\/v2\/users\/2"}],"replies":[{"embeddable":true,"href":"https:\/\/www.gulis.at\/musik\/index.php?rest_route=%2Fwp%2Fv2%2Fcomments&post=790"}],"version-history":[{"count":5,"href":"https:\/\/www.gulis.at\/musik\/index.php?rest_route=\/wp\/v2\/pages\/790\/revisions"}],"predecessor-version":[{"id":1391,"href":"https:\/\/www.gulis.at\/musik\/index.php?rest_route=\/wp\/v2\/pages\/790\/revisions\/1391"}],"up":[{"embeddable":true,"href":"https:\/\/www.gulis.at\/musik\/index.php?rest_route=\/wp\/v2\/pages\/38"}],"wp:attachment":[{"href":"https:\/\/www.gulis.at\/musik\/index.php?rest_route=%2Fwp%2Fv2%2Fmedia&parent=790"}],"curies":[{"name":"wp","href":"https:\/\/api.w.org\/{rel}","templated":true}]}}