{"id":46,"date":"2011-08-04T09:11:42","date_gmt":"2011-08-04T07:11:42","guid":{"rendered":"http:\/\/www.gulis.at\/musik\/?page_id=46"},"modified":"2020-06-14T15:57:01","modified_gmt":"2020-06-14T13:57:01","slug":"no-signal","status":"publish","type":"page","link":"https:\/\/www.gulis.at\/musik\/?page_id=46","title":{"rendered":"No Signal"},"content":{"rendered":"<pre>No signal\nreflected from the wall\nno light appears\nNo response from the net\n\nis there no one at home?\n\nno skin under my fingertip\nno open data files\nno response from your deep blue\nsoul\n\ncan you cancel the input data?\n\nwhat does this mean?\npress twice for the \u201clove off\u201d mode.\n\nno signal is coming through\nthe fog between me and you.\n\nwhat does this mean?\npress twice for the \u201clove off\u201d mode.\n\nno signal. no signal.\nno signal.\n\nNo signal\nNo signal \n\n<\/pre>\n<p><strong>\u00a0<\/strong><\/p>\n<p><strong>Making of: <\/strong><\/p>\n<p>Ein heisser Sommertag.<\/p>\n<p>Sitzungen in verdunkelten R\u00e4umen, es ist stickig. Lange, erm\u00fcdende Diskussionen.<\/p>\n<p>Ein Beamer surrt vor sich.<\/p>\n<p>Die Gedanken schweifen ab, m\u00fchsam, die Konzentration im Raum zu behalten.<\/p>\n<p>Da erscheint auf der wei\u00dfen Wand: No Signal.<\/p>\n<p>Eine St\u00f6rung zwischen Laptop und Beamer.<\/p>\n<p>Stellen Fragen, erhalten keine Anwort \u2013 so als w\u00e4re der Nebel undurchdringlich.<\/p>\n<p>Herunter fahren und neu starten w\u00e4re eine M\u00f6glichkeit, die oft funktioniert.<\/p>\n<p><a href=\"https:\/\/www.gulis.at\/musik\/?attachment_id=1345\" rel=\"attachment wp-att-1345\"><img fetchpriority=\"high\" decoding=\"async\" class=\"alignleft size-medium wp-image-1345\" src=\"https:\/\/www.gulis.at\/musik\/wp-content\/uploads\/2020\/03\/P1030818-300x200.jpg\" alt=\"\" width=\"300\" height=\"200\" srcset=\"https:\/\/www.gulis.at\/musik\/wp-content\/uploads\/2020\/03\/P1030818-300x200.jpg 300w, https:\/\/www.gulis.at\/musik\/wp-content\/uploads\/2020\/03\/P1030818-1024x683.jpg 1024w, https:\/\/www.gulis.at\/musik\/wp-content\/uploads\/2020\/03\/P1030818-768x512.jpg 768w, https:\/\/www.gulis.at\/musik\/wp-content\/uploads\/2020\/03\/P1030818-1536x1024.jpg 1536w, https:\/\/www.gulis.at\/musik\/wp-content\/uploads\/2020\/03\/P1030818-2048x1365.jpg 2048w\" sizes=\"(max-width: 300px) 100vw, 300px\" \/><\/a><\/p>\n","protected":false},"excerpt":{"rendered":"<p>No signal reflected from the wall no light appears No response from the net is there no one at home? no skin under my fingertip no open data files no response from your deep blue soul can you cancel the input data? what does this mean? press twice for the \u201clove off\u201d mode. no signal is coming through the fog between me and you. what does this mean? press twice for the \u201clove off\u201d mode. no signal. no signal. no signal. No signal No signal \u00a0 Making of: Ein heisser Sommertag. Sitzungen in verdunkelten R\u00e4umen, es ist stickig. Lange, erm\u00fcdende Diskussionen. Ein Beamer surrt vor sich. Die Gedanken schweifen ab, m\u00fchsam, die Konzentration im Raum zu behalten. Da erscheint auf der wei\u00dfen Wand: No Signal. Eine St\u00f6rung zwischen Laptop und Beamer. Stellen Fragen, erhalten keine Anwort \u2013 so als w\u00e4re der Nebel undurchdringlich. Herunter fahren und neu starten w\u00e4re eine M\u00f6glichkeit, die oft funktioniert.<\/p>\n","protected":false},"author":2,"featured_media":0,"parent":38,"menu_order":0,"comment_status":"closed","ping_status":"closed","template":"","meta":{"footnotes":""},"class_list":["post-46","page","type-page","status-publish","hentry"],"_links":{"self":[{"href":"https:\/\/www.gulis.at\/musik\/index.php?rest_route=\/wp\/v2\/pages\/46","targetHints":{"allow":["GET"]}}],"collection":[{"href":"https:\/\/www.gulis.at\/musik\/index.php?rest_route=\/wp\/v2\/pages"}],"about":[{"href":"https:\/\/www.gulis.at\/musik\/index.php?rest_route=\/wp\/v2\/types\/page"}],"author":[{"embeddable":true,"href":"https:\/\/www.gulis.at\/musik\/index.php?rest_route=\/wp\/v2\/users\/2"}],"replies":[{"embeddable":true,"href":"https:\/\/www.gulis.at\/musik\/index.php?rest_route=%2Fwp%2Fv2%2Fcomments&post=46"}],"version-history":[{"count":4,"href":"https:\/\/www.gulis.at\/musik\/index.php?rest_route=\/wp\/v2\/pages\/46\/revisions"}],"predecessor-version":[{"id":1405,"href":"https:\/\/www.gulis.at\/musik\/index.php?rest_route=\/wp\/v2\/pages\/46\/revisions\/1405"}],"up":[{"embeddable":true,"href":"https:\/\/www.gulis.at\/musik\/index.php?rest_route=\/wp\/v2\/pages\/38"}],"wp:attachment":[{"href":"https:\/\/www.gulis.at\/musik\/index.php?rest_route=%2Fwp%2Fv2%2Fmedia&parent=46"}],"curies":[{"name":"wp","href":"https:\/\/api.w.org\/{rel}","templated":true}]}}