{"id":370,"date":"2014-04-17T15:54:34","date_gmt":"2014-04-17T13:54:34","guid":{"rendered":"http:\/\/www.gulis.at\/musik\/?page_id=370"},"modified":"2020-06-14T15:57:35","modified_gmt":"2020-06-14T13:57:35","slug":"stable-condition","status":"publish","type":"page","link":"https:\/\/www.gulis.at\/musik\/?page_id=370","title":{"rendered":"Stable condition"},"content":{"rendered":"<pre>She wore a crimson jacket\nshe fired with a rifle\nshe killed three men\nwith shots in their heads\n\nShe believes in God\nShe is a mother of five children\nBy the time we have no reasons\nshe is in a stable condition\n\nshe \u00b4s been overpowered by the police\nshe \u00b4s been overpowered by the police\n\nLadies and gentlemen we were in a stable situation\nYes, the whole squad is in a stable situation\nI\u00b4m sorry Ma`am we have no further\u00a0 information\nI said she is in a stable condition\nstabile condition\n\nshe \u00b4s been overpowered by the police\nshe \u00b4s been overpowered by the police\n\nthere is no point in saving bullets\nwhen no one left to shoot.\nthere is no point in saving bullets\nwhen no one left to shoot.\nthere is no point in saving bullets\nwhen no one left to shoot. [\/column]<\/pre>\n<p><strong>Making of: <\/strong><\/p>\n<p>Morgennachrichten.<\/p>\n<p>Wieder einmal ein Amoksch\u00fctze in den USA. Der Polizeisprecher im breiten US-amerikanischen Original Slang.\u00a0 Er redet nicht von den Opfern, dem T\u00e4ter oder Hintergr\u00fcnden zur Tat, sondern er spricht vom Zustand der Polizei-Truppe, die den T\u00e4ter \u00fcberw\u00e4ltigte und die Truppe, die in guter Verfassung sei.<\/p>\n<p>Warum sind Amoksch\u00fctzen fast immer nur M\u00e4nner? Wie w\u00fcrde eine Tat aussehen, die von einer Frau ver\u00fcbt wurde?<\/p>\n<p>Wir k\u00f6nnen nur spekulieren:<\/p>\n<p>Hatte sie einfach genug von den t\u00e4glichen Dem\u00fctigungen, von den Erniedrigungen und von dem dummen Geschw\u00e4tz ihres Mannes, der jeden Abend auf der Veranda mit seinen Kumpanen soff?<\/p>\n<p>We have no further information\u2026.<\/p>\n","protected":false},"excerpt":{"rendered":"<p>She wore a crimson jacket she fired with a rifle she killed three men with shots in their heads She believes in God She is a mother of five children By the time we have no reasons she is in a stable condition she \u00b4s been overpowered by the police she \u00b4s been overpowered by the police Ladies and gentlemen we were in a stable situation Yes, the whole squad is in a stable situation I\u00b4m sorry Ma`am we have no further\u00a0 information I said she is in a stable condition stabile condition she \u00b4s been overpowered by the police she \u00b4s been overpowered by the police there is no point in saving bullets when no one left to shoot. there is no point in saving bullets when no one left to shoot. there is no point in saving bullets when no one left to shoot. [\/column] Making of: Morgennachrichten. Wieder einmal ein Amoksch\u00fctze in den USA. Der Polizeisprecher im breiten US-amerikanischen Original Slang.\u00a0 Er redet nicht von den Opfern, dem T\u00e4ter oder Hintergr\u00fcnden zur Tat, sondern er spricht vom Zustand der Polizei-Truppe, die den T\u00e4ter \u00fcberw\u00e4ltigte und die Truppe, die in guter Verfassung sei. Warum sind Amoksch\u00fctzen fast immer nur M\u00e4nner? Wie w\u00fcrde eine Tat aussehen, die von einer Frau ver\u00fcbt wurde? Wir k\u00f6nnen nur spekulieren: Hatte sie einfach genug von den t\u00e4glichen Dem\u00fctigungen, von den Erniedrigungen und von dem dummen Geschw\u00e4tz ihres Mannes, der jeden Abend auf der Veranda mit seinen Kumpanen soff? We have no further information\u2026.<\/p>\n","protected":false},"author":2,"featured_media":0,"parent":38,"menu_order":0,"comment_status":"closed","ping_status":"closed","template":"","meta":{"footnotes":""},"class_list":["post-370","page","type-page","status-publish","hentry"],"_links":{"self":[{"href":"https:\/\/www.gulis.at\/musik\/index.php?rest_route=\/wp\/v2\/pages\/370","targetHints":{"allow":["GET"]}}],"collection":[{"href":"https:\/\/www.gulis.at\/musik\/index.php?rest_route=\/wp\/v2\/pages"}],"about":[{"href":"https:\/\/www.gulis.at\/musik\/index.php?rest_route=\/wp\/v2\/types\/page"}],"author":[{"embeddable":true,"href":"https:\/\/www.gulis.at\/musik\/index.php?rest_route=\/wp\/v2\/users\/2"}],"replies":[{"embeddable":true,"href":"https:\/\/www.gulis.at\/musik\/index.php?rest_route=%2Fwp%2Fv2%2Fcomments&post=370"}],"version-history":[{"count":5,"href":"https:\/\/www.gulis.at\/musik\/index.php?rest_route=\/wp\/v2\/pages\/370\/revisions"}],"predecessor-version":[{"id":1624,"href":"https:\/\/www.gulis.at\/musik\/index.php?rest_route=\/wp\/v2\/pages\/370\/revisions\/1624"}],"up":[{"embeddable":true,"href":"https:\/\/www.gulis.at\/musik\/index.php?rest_route=\/wp\/v2\/pages\/38"}],"wp:attachment":[{"href":"https:\/\/www.gulis.at\/musik\/index.php?rest_route=%2Fwp%2Fv2%2Fmedia&parent=370"}],"curies":[{"name":"wp","href":"https:\/\/api.w.org\/{rel}","templated":true}]}}