{"id":977,"date":"2021-02-28T21:08:11","date_gmt":"2021-02-28T20:08:11","guid":{"rendered":"https:\/\/www.gulis.at\/coaching\/?page_id=977"},"modified":"2021-04-08T09:18:10","modified_gmt":"2021-04-08T08:18:10","slug":"coaching-angebote","status":"publish","type":"page","link":"https:\/\/www.gulis.at\/coaching\/coaching-angebote\/","title":{"rendered":"Coaching Angebote"},"content":{"rendered":"\n<p><strong><span style=\"color:#006089\" class=\"has-inline-color\">Anpassung, Ver\u00e4nderung, Umgestaltung kommen in sich wiederholenden Zyklen bei Menschen aber auch Organisationen vor.\u00a0<\/span><\/strong><\/p>\n\n\n\n<p>Wir neigen dazu, das einmal Erreichte zu bewahren und zu sichern und uns auf unsere erworbenen Kenntnisse und F\u00e4higkeiten zur\u00fcck zu ziehen, auszuruhen. Das geht eine Zeit lang gut. Doch irgendwann merken wir, dass die Floskel \u201cLebenslanges Lernen\u201d nicht nur Floskel ist, sondern auch tats\u00e4chlich relevant wird und man wieder aufholen muss.\u00a0<\/p>\n\n\n\n<p>Entweder wir oder die Organisation, das Team m\u00fcssen dazu lernen, sich \u00e4ndern, anpassen. Das f\u00e4llt oft schwer, ist aber notwendiger Teil des Lebens.&nbsp;<\/p>\n\n\n\n<h5><strong><em><span style=\"color:#006089\" class=\"has-inline-color\">Si<\/span><\/em><\/strong><strong><em><span style=\"color:#006089\" class=\"has-inline-color\">e m\u00fcssen diese Herausforderungen nicht alleine meistern, denn hier komme ich als Ihr Coach ins Spiel.<\/span><\/em><\/strong><\/h5>\n\n\n\n<p><strong><span style=\"color:#006089\" class=\"has-inline-color\">Meine Coachingangebote und Prozessbegleitungen richten sich an:<\/span><\/strong><\/p>\n\n\n\n<div class=\"is-layout-flex wp-container-5 wp-block-columns\">\n<div class=\"is-layout-flow wp-block-column\" style=\"flex-basis:100%\">\n<div class=\"is-layout-flex wp-container-3 wp-block-columns\">\n<div class=\"is-layout-flow wp-block-column\" style=\"flex-basis:66.66%\">\n<ul><li><strong>F\u00fchrungskr\u00e4fte<\/strong>, die mit Ver\u00e4nderungen und Entwicklungen in ihrer Organisation konfrontiert sind und Unterst\u00fctzung, einen externen Blick und analytisches Know How, kritische und wohlwollende Intervention sch\u00e4tzen, um bei der konstruktiven Bew\u00e4ltigung der Vorhaben voran zu kommen. <\/li><li>L\u00e4ngerfristige Prozessbegleitung f\u00fcr Umgestaltung und Neuorientierung ben\u00f6tigen.<\/li><li><strong>Teams und Organisationseinheiten<\/strong>, die mit \u201eProblemen\u201c zu k\u00e4mpfen haben, sei es durch ver\u00e4nderte externe oder durch interne Bedingungen und neue Arbeits-, Kommunikations- und Umgangsformen f\u00fcr ihre Arbeit entwickeln wollen.<\/li><li><strong>Mitarbeiter*innen, Besch\u00e4ftigte, Freiberufler*innen, Selbst\u00e4ndige, EPU\u00b4s<\/strong> die unter den spezifischen Herausforderungen, die durch die sich ver\u00e4ndernde Arbeitswelt entstanden sind; leiden, unter Druck stehen, Burnout gef\u00e4hrdet sind und Ver\u00e4nderungsbedarf sehen.<\/li><li><strong>Organisationen<\/strong>, die unter st\u00e4ndigem Innovationsdruck stehen und Ver\u00e4nderungen in Permanenz vornehmen m\u00fcssen. Dabei stehen oft grundlegende Dinge, die f\u00fcr eine Organisation essentiell sind, zur Disposition (Team-, Sitzungs-, Kommunikationsstruktur, Mission, Leitbild); oder aber auch essentielle Fragen wie Qualit\u00e4tsmanagement und Personalf\u00fchrung und -entwicklung.<\/li><\/ul>\n\n\n\n<p><\/p>\n<\/div>\n\n\n\n<div class=\"is-layout-flow wp-block-column\" style=\"flex-basis:33.33%\">\n<figure class=\"wp-block-image size-large\"><a href=\"https:\/\/www.gulis.at\/coaching\/wp-content\/uploads\/2021\/03\/P1020279-scaled.jpg\"><img decoding=\"async\" loading=\"lazy\" width=\"683\" height=\"1024\" src=\"https:\/\/www.gulis.at\/coaching\/wp-content\/uploads\/2021\/03\/P1020279-683x1024.jpg\" alt=\"\" class=\"wp-image-1056\" srcset=\"https:\/\/www.gulis.at\/coaching\/wp-content\/uploads\/2021\/03\/P1020279-683x1024.jpg 683w, https:\/\/www.gulis.at\/coaching\/wp-content\/uploads\/2021\/03\/P1020279-200x300.jpg 200w, https:\/\/www.gulis.at\/coaching\/wp-content\/uploads\/2021\/03\/P1020279-768x1152.jpg 768w, https:\/\/www.gulis.at\/coaching\/wp-content\/uploads\/2021\/03\/P1020279-1024x1536.jpg 1024w, https:\/\/www.gulis.at\/coaching\/wp-content\/uploads\/2021\/03\/P1020279-1365x2048.jpg 1365w, https:\/\/www.gulis.at\/coaching\/wp-content\/uploads\/2021\/03\/P1020279-scaled.jpg 1707w\" sizes=\"(max-width: 683px) 100vw, 683px\" \/><\/a><\/figure>\n<\/div>\n<\/div>\n<\/div>\n<\/div>\n\n\n\n<h4><strong><span style=\"color:#006089\" class=\"has-inline-color\">Sie sind interessiert? <\/span><\/strong><\/h4>\n\n\n\n<p><a href=\"https:\/\/www.gulis.at\/coaching\/sie-sind-interessiert\/\">Hier finden Sie n\u00e4here Infos zum Ablauf und unserer gemeinsamen Zusammenarbeit.<\/a><\/p>\n","protected":false},"excerpt":{"rendered":"<p>Anpassung, Ver\u00e4nderung, Umgestaltung kommen in sich wiederholenden Zyklen bei Menschen aber auch Organisationen vor.\u00a0 Wir neigen dazu, das einmal Erreichte zu bewahren und zu sichern und uns auf unsere erworbenen Kenntnisse und F\u00e4higkeiten zur\u00fcck zu ziehen, auszuruhen. Das geht eine Zeit lang gut. Doch irgendwann merken wir, dass die Floskel \u201cLebenslanges Lernen\u201d nicht nur Floskel [&hellip;]<\/p>\n","protected":false},"author":2,"featured_media":0,"parent":0,"menu_order":0,"comment_status":"closed","ping_status":"closed","template":"","meta":[],"_links":{"self":[{"href":"https:\/\/www.gulis.at\/coaching\/wp-json\/wp\/v2\/pages\/977"}],"collection":[{"href":"https:\/\/www.gulis.at\/coaching\/wp-json\/wp\/v2\/pages"}],"about":[{"href":"https:\/\/www.gulis.at\/coaching\/wp-json\/wp\/v2\/types\/page"}],"author":[{"embeddable":true,"href":"https:\/\/www.gulis.at\/coaching\/wp-json\/wp\/v2\/users\/2"}],"replies":[{"embeddable":true,"href":"https:\/\/www.gulis.at\/coaching\/wp-json\/wp\/v2\/comments?post=977"}],"version-history":[{"count":12,"href":"https:\/\/www.gulis.at\/coaching\/wp-json\/wp\/v2\/pages\/977\/revisions"}],"predecessor-version":[{"id":1565,"href":"https:\/\/www.gulis.at\/coaching\/wp-json\/wp\/v2\/pages\/977\/revisions\/1565"}],"wp:attachment":[{"href":"https:\/\/www.gulis.at\/coaching\/wp-json\/wp\/v2\/media?parent=977"}],"curies":[{"name":"wp","href":"https:\/\/api.w.org\/{rel}","templated":true}]}}